-38 = -2*k - q - 0*q. What is the greatest common factor of g and k?
17
Let d(h) = -h**2 + 17*h - 22. Let w be d(15). What is the greatest common divisor of w and 8?
8
Let t be 2/6 + (-393)/(-9). Let o(y) = -y. Let p be o(-3). Let s(m) = m**3 - 3*m**2 + 4. Let r be s(p). Calculate the highest common divisor of t and r.
4
Let s(w) = -4*w - 9. Let y be s(-6). Let r(t) = 2*t**3 + t**2 - 4*t + 3. Let u be r(2). What is the highest common factor of u and y?
15
Suppose 5*p + 3*z - 91 = 0, -5*p + 77 = -2*z - 2*z. Calculate the highest common divisor of p and 17.
17
Suppose 2*n - 3 = n. What is the highest common divisor of n and 12?
3
Let r(d) = 33*d - 15. Let b be r(6). Suppose 4*l + 0*g + g = 143, 3*g + b = 5*l. Calculate the greatest common factor of 12 and l.
12
Let q = 61 + -15. Let n = q + 17. What is the highest common factor of 9 and n?
9
Let l be (-19)/(-1) - 0/3. Suppose -3*w - 175 = 2*w. Let o = 54 + w. What is the highest common factor of o and l?
19
Let q = 171 + -168. Suppose -3*s = -6 - 39. What is the highest common factor of q and s?
3
Suppose g = -0*g + 22. Calculate the greatest common factor of g and 2.
2
Suppose -4*f = -147 - 13. Suppose 4*g - 23 = -3*l, -l = -5*g - 5*l + 29. What is the greatest common factor of g and f?
5
Suppose -2*i - 5*b + 85 = i, -i - 2*b = -30. Suppose 4*u + i = -24. Let q = u + 18. Calculate the greatest common factor of 7 and q.
7
Suppose 3*c + 96 = 132. What is the highest common divisor of 48 and c?
12
Let g(q) be the second derivative of 2*q**3 + 7*q**2/2 + 2*q. Let j be g(5). Suppose -j + 15 = -4*b. What is the highest common divisor of b and 143?
13
Let j = 311 + -153. Suppose 5*u + 230 = 3*f, 2*f - u = -0*f + j. What is the greatest common divisor of f and 16?
16
Suppose -6*r = 5*r - 77. Calculate the greatest common divisor of r and 28.
7
Let j(u) = 12*u**2 + 4*u - 1. Let f be j(-2). What is the highest common factor of 273 and f?
39
Suppose 4*x + 2*y = 2*x + 18, x - 5*y = 15. What is the highest common factor of x and 5?
5
Suppose 3*f = 268 + 44. Suppose -2*c + 68 = 3*c - 3*i, 2 = -2*i. What is the greatest common divisor of c and f?
13
Suppose -25 = -p + v, -6 - 63 = -3*p - 3*v. Calculate the highest common factor of 24 and p.
24
Suppose -4*m = -4, 0 = 2*v + 4*m - 52 + 4. What is the highest common divisor of 55 and v?
11
Let w(h) = h**2 + 4*h. Let b be w(-5). Suppose b*c = 12 + 8. Suppose -38 + 146 = c*m. Calculate the greatest common factor of 9 and m.
9
Let q(z) = 9*z**2 - z. Suppose 2*h = 6*h - 56. Suppose -3*a - 5*k = -23, 4*a - h = -k - 6. Let g be q(a). Calculate the greatest common factor of 2 and g.
2
Suppose 5*u - 65 = -2*q, 3*u = -4*q - u + 148. Let k = -28 + q. Suppose 3*n + 2*i = 22, -3*n - 2*i - 2 = -4*n. Calculate the highest common divisor of n and k.
6
Let g = 20 + 2. What is the highest common factor of 66 and g?
22
Suppose -1228 = -4*l - 2*c, 0 = 2*l - 0*l + 5*c - 606. Calculate the greatest common divisor of 28 and l.
28
Let y(r) = r**2 - 9*r + 15. Let z be y(7). Calculate the highest common factor of 9 and z.
1
Suppose i - 5*h = 2 - 0, 5*h = 0. Let a be (-1*i)/((-3)/12). Calculate the highest common divisor of a and 12.
4
Let o(w) = -w + 5. Let l be o(-6). What is the highest common factor of l and 1?
1
Suppose -c - c + 110 = 0. Calculate the greatest common factor of c and 11.
11
Suppose -31 + 6 = 5*j. Let d(l) = -4*l**2 + 3*l**3 - l - 4*l**3 - 4*l + 4*l + 2. Let m be d(j). What is the greatest common factor of m and 8?
8
Let u(w) = 3*w**2 + 4*w. Let y be u(-3). What is the highest common divisor of y and 75?
15
Let g(l) = l**2 + 4*l + 7. Let a be g(-11). Let n = a + -39. Let o = -11 - -29. Calculate the highest common factor of n and o.
9
Let s be (-4 - -2) + -1*8. Let w be 55/s*(-19 - -1). Calculate the highest common divisor of 11 and w.
11
Suppose 0 = 4*b + 3*x - 11, -3*x + 0 = -3*b - 18. Let r be (b + -1)*(1 - 3). Calculate the highest common divisor of r and 1.
1
Suppose 0*b = -5*b + 805. Suppose 5*s = b + 189. What is the greatest common divisor of s and 28?
14
Let x = 263 - 179. Calculate the highest common factor of 28 and x.
28
Suppose 148 = 2*q + 2*z, -108 + 37 = -q - 4*z. What is the highest common divisor of q and 15?
15
Let z be 0/(-1)*(-2)/4. Suppose z*c = 5*c - 35. Suppose 3*u - 195 = -3*h, 120 = u + u - 3*h. Calculate the highest common divisor of u and c.
7
Suppose 3*j + 16 = j. Let d be 365/20 - (-2)/j. What is the highest common divisor of 2 and d?
2
Let w = 76 - -58. Let o be w/4 + (-1)/2. What is the greatest common factor of o and 33?
33
Suppose -2*y = -3*v - 156, 0*y + 5*v - 440 = -5*y. Calculate the highest common divisor of y and 56.
28
Let b = 18 + -9. Suppose 2*z - b = z. Let p = z - -1. What is the greatest common divisor of 5 and p?
5
Let x be 62/(-4)*(2 - 0). Let d = x - -14. Let s = 87 + d. What is the highest common divisor of 10 and s?
10
Let t = -259 - -389. Suppose 2*q - 3*z = 40, 3*q - 2*z + 20 - 90 = 0. What is the highest common divisor of t and q?
26
Suppose 2*z = z. Let o(r) = 4*r + 1. Let j be o(1). Suppose z*g + 3*g - s = 15, 0 = -j*g - 2*s + 25. Calculate the highest common divisor of g and 1.
1
Suppose b = 2*b. Suppose b = 2*j - 7 + 1. Calculate the greatest common factor of 2 and j.
1
Let o be 3 + 0 + 2 + -4. Let r = o - -2. Suppose -2*a = -5*y - 41, -2*a + 4*y = 2*y - 56. Calculate the highest common divisor of a and r.
3
Suppose n = 6*n - 400. What is the greatest common factor of n and 16?
16
Let p = -126 - -183. What is the greatest common factor of 19 and p?
19
Let o be -45*(-2 - 4/(-3)). Calculate the highest common divisor of 10 and o.
10
Suppose 5*q - 30 = -4*s + 294, -s = -q - 90. Suppose -2*v = -s + 8. Calculate the highest common divisor of v and 26.
13
Suppose -225 + 33 = -4*r. Suppose 5*c = -77 + 12. Let k = c + r. What is the highest common factor of k and 7?
7
Suppose n + 3 = 14. Calculate the highest common factor of 44 and n.
11
Let c(i) = i - 1. Suppose 4*q = 5*f + 54, -q + 0*q - 5*f + 1 = 0. Let y be c(q). Calculate the greatest common factor of y and 25.
5
Let n(z) = 10*z - 25. Let f be n(4). Let c be 1/(22/(-12) + 2). Calculate the greatest common divisor of c and f.
3
Let o be (-2)/(-3)*4*117/4. What is the greatest common factor of o and 39?
39
Let k(y) = y**3 - 8*y**2 + 8*y + 1. Let q be k(6). Let t = q - -32. Calculate the highest common divisor of t and 27.
9
Suppose -2*b - 9 = w, 3*b = -11 - 1. Let j = w + 15. Calculate the greatest common factor of j and 2.
2
Suppose -158 = -5*c + 52. Let d be c/(-2)*30/(-18). What is the greatest common divisor of d and 5?
5
Suppose 4 = -b + 5*k - 16, 5*b - 50 = -5*k. Suppose o - 39 = b*l, -3*o - 2*l + 60 = 2*l. What is the highest common factor of 8 and o?
8
Suppose -94 - 520 = 5*k - 2*i, -k - 114 = 4*i. Let r be 4/6 - k/6. Let p = -4 + 7. Calculate the highest common divisor of p and r.
3
Let d be -2 + 3 + (70 - 1). Let k = 29 + -19. What is the highest common divisor of d and k?
10
Let n(w) = -w**3 - w**2 + w + 13. Let a be n(0). Calculate the greatest common divisor of a and 65.
13
Let w = 14 + 24. Calculate the greatest common factor of w and 57.
19
Suppose -s = -3 - 3. Let d be 72*(3 - 15/s). What is the highest common divisor of d and 90?
18
Suppose 5*k - 28 = 22. Suppose 0*a = 3*m - 4*a + k, 3*m - 2*a + 14 = 0. Let n = 38 - m. What is the highest common factor of n and 11?
11
Let q = -45 - -101. Calculate the greatest common divisor of 42 and q.
14
Let q = 10 + -5. Suppose -5*p = q*y - 35, 4*p + y - 5 = 11. Suppose -5*j = 20, p*j + 56 = 2*v - v. What is the highest common factor of 4 and v?
4
Let q = 182 - 29. What is the greatest common factor of q and 17?
17
Let k(q) = -q**2 - 9*q - 5. Let u be k(-6). Let l be (-2 - -4)/((-6)/(-117)). What is the greatest common factor of l and u?
13
Let d = 12 + -5. Let p be 117/d + (-12)/(-42). Calculate the highest common factor of p and 136.
17
Let j(x) = 2*x**2 - 13*x + 5. Let t be j(7). Suppose -2*d - 2*s = 3*d - t, -5*d + 2*s + 8 = 0. What is the greatest common factor of d and 6?
2
Let n be ((-16)/3)/(8/(-12)). Let x(s) = -s + 23. Let j be x(n). What is the highest common factor of 60 and j?
15
Let d(r) = -2 + 1 + 7*r**3 - 2*r**2 + 2. Let z be d(1). Suppose -21 + 9 = -2*t. What is the highest common divisor of 